{"id":748,"date":"2015-11-16T18:01:34","date_gmt":"2015-11-16T18:01:34","guid":{"rendered":"http:\/\/localhost:8000\/?page_id=748"},"modified":"2024-01-01T20:52:50","modified_gmt":"2024-01-01T20:52:50","slug":"impressum","status":"publish","type":"page","link":"https:\/\/musicschool-six-strings.de\/?page_id=748","title":{"rendered":"Impressum"},"content":{"rendered":"<h2>Angaben gem&auml;&szlig; &sect; 5 TMG<\/h2><br \/>\n\n<figure class=\"wp-block-image\"><a href=\"\/wp-content\/uploads\/2015\/11\/shapeimage_2.png\"><img loading=\"lazy\" decoding=\"async\" width=\"157\" height=\"208\" src=\"\/wp-content\/uploads\/2015\/11\/shapeimage_2.png\" alt=\"Michael Hofem\" class=\"wp-image-958\"\/><\/a><\/figure>\n\n\n<p>Michael Hofem<br \/>\nProfessioneller Musiker<br \/>\nErnst-Ludwig-Str.1<br \/>\n<br \/>\n55435 Gau-Algesheim<\/p>\n<br \/>\n<h3>Kontakt<\/h3>\n<p>Telefon: 06725-300705<br \/>\nE-Mail: &#x43;&#111;&#x6e;&#x74;&#97;&#x63;&#x74;&#64;&#x6d;&#x75;&#115;&#x69;&#x63;s&#x63;&#x68;o&#x6f;&#108;-&#x73;&#105;x&#x2d;&#115;t&#x72;&#105;n&#x67;&#115;&#46;&#x64;&#101;<br \/>\nHomepage: https:\/\/musicschool-six-strings.de\/<br>\n<br \/><br \/>\n<h3>Umsatzsteuer-ID<\/h3>\n<p>Umsatzsteuer-Identifikationsnummer gem&auml;&szlig; &sect; 27 a Umsatzsteuergesetz:<br \/>\n08\/071\/5041\/7<\/p>\n<br \/><br \/>\n<h3>EU-Streitschlichtung<\/h3>\n<p>Die Europ&auml;ische Kommission stellt eine Plattform zur Online-Streitbeilegung (OS) bereit: <a href=\"https:\/\/ec.europa.eu\/consumers\/odr\/\" target=\"_blank\" rel=\"noopener noreferrer\">https:\/\/ec.europa.eu\/consumers\/odr\/<\/a>.<br \/> Unsere E-Mail-Adresse finden Sie oben im Impressum.<\/p><br \/><br \/>\n\n<h3>Verbraucher&shy;streit&shy;beilegung\/Universal&shy;schlichtungs&shy;stelle<\/h3>\n<p>Wir sind nicht bereit oder verpflichtet, an Streitbeilegungsverfahren vor einer Verbraucherschlichtungsstelle teilzunehmen.<\/p>\n\n<p>Quelle: <a href=\"https:\/\/www.e-recht24.de\/impressum-generator.html\">https:\/\/www.e-recht24.de\/impressum-generator.html<\/a><\/p>\n\n<p class=\"has-text-align-left\"><\/p>\n\n\n<p>Informationen zum Anbieter:<\/p>\n<!-- \/wp:post-content -->\n\n<!-- wp:paragraph -->\n<p>Telefon: 06725-300705<br>Mobil: 0162-3751574<br>E-Mail: Contact [at] musicschool-six-strings.de<\/p>\n<!-- \/wp:paragraph -->\n\n<!-- wp:paragraph -->\n<p>Haftungshinweis:<br>Trotz sorgf\u00e4ltiger inhaltlicher Kontrolle \u00fcbernehmen wir keine Haftung f\u00fcr die Inhalte externer Links.<br>F\u00fcr den Inhalt der verlinkten Seiten sind ausschlie\u00dflich deren Betreiber verantwortlich.<\/p>\n<!-- \/wp:paragraph -->","protected":false},"excerpt":{"rendered":"<p>Angaben gem&auml;&szlig; &sect; 5 TMG Michael Hofem Professioneller Musiker Ernst-Ludwig-Str.1 55435 Gau-Algesheim Kontakt Telefon: 06725-300705 E-Mail: &#x43;&#111;n&#x74;&#x61;&#99;t&#x40;&#x6d;&#117;s&#x69;&#99;s&#x63;&#x68;&#111;o&#x6c;&#x2d;&#115;i&#x78;&#45;&#115;&#x74;&#x72;&#105;n&#x67;&#x73;&#46;d&#x65; Homepage: https:\/\/musicschool-six-strings.de\/ Umsatzsteuer-ID Umsatzsteuer-Identifikationsnummer gem&auml;&szlig; &sect; 27 a Umsatzsteuergesetz: 08\/071\/5041\/7 EU-Streitschlichtung Die Europ&auml;ische Kommission stellt eine Plattform zur Online-Streitbeilegung (OS) bereit: https:\/\/ec.europa.eu\/consumers\/odr\/. Unsere E-Mail-Adresse finden Sie oben im Impressum. Verbraucher&shy;streit&shy;beilegung\/Universal&shy;schlichtungs&shy;stelle Wir sind nicht bereit oder verpflichtet, an Streitbeilegungsverfahren [&hellip;]<\/p>\n","protected":false},"author":1,"featured_media":0,"parent":0,"menu_order":0,"comment_status":"closed","ping_status":"closed","template":"","meta":{"_exactmetrics_skip_tracking":false,"_exactmetrics_sitenote_active":false,"_exactmetrics_sitenote_note":"","_exactmetrics_sitenote_category":0,"footnotes":""},"class_list":["post-748","page","type-page","status-publish","hentry"],"_links":{"self":[{"href":"https:\/\/musicschool-six-strings.de\/index.php?rest_route=\/wp\/v2\/pages\/748","targetHints":{"allow":["GET"]}}],"collection":[{"href":"https:\/\/musicschool-six-strings.de\/index.php?rest_route=\/wp\/v2\/pages"}],"about":[{"href":"https:\/\/musicschool-six-strings.de\/index.php?rest_route=\/wp\/v2\/types\/page"}],"author":[{"embeddable":true,"href":"https:\/\/musicschool-six-strings.de\/index.php?rest_route=\/wp\/v2\/users\/1"}],"replies":[{"embeddable":true,"href":"https:\/\/musicschool-six-strings.de\/index.php?rest_route=%2Fwp%2Fv2%2Fcomments&post=748"}],"version-history":[{"count":56,"href":"https:\/\/musicschool-six-strings.de\/index.php?rest_route=\/wp\/v2\/pages\/748\/revisions"}],"predecessor-version":[{"id":1459,"href":"https:\/\/musicschool-six-strings.de\/index.php?rest_route=\/wp\/v2\/pages\/748\/revisions\/1459"}],"wp:attachment":[{"href":"https:\/\/musicschool-six-strings.de\/index.php?rest_route=%2Fwp%2Fv2%2Fmedia&parent=748"}],"curies":[{"name":"wp","href":"https:\/\/api.w.org\/{rel}","templated":true}]}}