{"id":827,"date":"2015-11-20T18:00:39","date_gmt":"2015-11-20T18:00:39","guid":{"rendered":"http:\/\/localhost:8000\/?page_id=827"},"modified":"2024-05-15T10:24:43","modified_gmt":"2024-05-15T10:24:43","slug":"preise","status":"publish","type":"page","link":"https:\/\/musicschool-six-strings.de\/?page_id=827","title":{"rendered":"Preise"},"content":{"rendered":"In der nachfolgenden Preis\u00fcbersicht ist das Unterrichtshonorar f\u00fcr die entsprechende Unterrichtsdauer\naufgef\u00fchrt. Das Honorar bezieht sich auf jeweils einen Monat (4 &#8211; 5 Unterrichtseinheiten). Der Unterricht\nfindet einmal pro Woche statt. Ausgenommen sind die Schulferien und die gesetzlichen Feiertage des\nLandes Hessen \/ Rheinland-Pfalz (siehe Gesch\u00e4ftsbedingungen auf dem Anmeldeformular).<br \/><br \/>\n\n\n<table id=\"tablepress-1\" class=\"tablepress tablepress-id-1\">\n<thead>\n<tr class=\"row-1\">\n\t<th class=\"column-1\">Dauer<\/th><th class=\"column-2\">Einzelunterricht<\/th><th class=\"column-3\">Zweiergruppe<\/th><th class=\"column-4\">Dreiergruppe<\/th>\n<\/tr>\n<\/thead>\n<tbody class=\"row-striping row-hover\">\n<tr class=\"row-2\">\n\t<td class=\"column-1\">30 Minuten<\/td><td class=\"column-2\">76 \u20ac \/ Monat<\/td><td class=\"column-3\">60 \u20ac \/ Monat<\/td><td class=\"column-4\">40 \u20ac \/ Monat<\/td>\n<\/tr>\n<tr class=\"row-3\">\n\t<td class=\"column-1\">45 Minuten<\/td><td class=\"column-2\">100 \u20ac \/ Monat<\/td><td class=\"column-3\">76 \u20ac \/ Monat<\/td><td class=\"column-4\">52 \u20ac \/ Monat<\/td>\n<\/tr>\n<tr class=\"row-4\">\n\t<td class=\"column-1\">60 Minuten<\/td><td class=\"column-2\">120 \u20ac \/ Monat<\/td><td class=\"column-3\">88 \u20ac \/ Monat<\/td><td class=\"column-4\">64 \u20ac \/ Monat<\/td>\n<\/tr>\n<\/tbody>\n<\/table>\n<!-- #tablepress-1 from cache -->\n<br \/>\nDie Allgemeinen Gesch\u00e4ftsbedingungen der Musicschool Six Strings erhalten Sie mit dem Anmeldeformular.\n\n<a href=\"https:\/\/musicschool-six-strings.de\/?wpdmpro=mss-vertrag-2024\" target=\"_blank\" rel=\"noopener\">Anmeldeformular &#8211; Vertrag Musicschool-Six-Strings 2024<\/a><br \/><br \/>\n\n<span style=\"color: #ff0000;\"><strong><u>Familien-Rabatt<\/u><\/strong><\/span>\n\n&#8211; Sollten innerhalb einer Familie zwei Vertr\u00e4ge abgeschlossen werden,\ngibt es auf einen Vertrag einen monatlichen Nachlass, solange beide Vertr\u00e4ge bestehen.<br \/><br \/>\n\nBei <span style=\"color: #ff0000;\"><strong><u> &#8222;Gruppenunterrichtsvertr\u00e4gen&#8220;<\/u><\/strong><\/span> wird ebenfalls ein Nachlass einger\u00e4umt.\n\nHierzu nehmen Sie bitte Kontakt mit mir auf.","protected":false},"excerpt":{"rendered":"<p>In der nachfolgenden Preis\u00fcbersicht ist das Unterrichtshonorar f\u00fcr die entsprechende Unterrichtsdauer aufgef\u00fchrt. Das Honorar bezieht sich auf jeweils einen Monat (4 &#8211; 5 Unterrichtseinheiten). Der Unterricht findet einmal pro Woche statt. Ausgenommen sind die Schulferien und die gesetzlichen Feiertage des Landes Hessen \/ Rheinland-Pfalz (siehe Gesch\u00e4ftsbedingungen auf dem Anmeldeformular). Die Allgemeinen Gesch\u00e4ftsbedingungen der Musicschool Six [&hellip;]<\/p>\n","protected":false},"author":1,"featured_media":0,"parent":0,"menu_order":0,"comment_status":"closed","ping_status":"closed","template":"","meta":{"_exactmetrics_skip_tracking":false,"_exactmetrics_sitenote_active":false,"_exactmetrics_sitenote_note":"","_exactmetrics_sitenote_category":0,"footnotes":""},"class_list":["post-827","page","type-page","status-publish","hentry"],"_links":{"self":[{"href":"https:\/\/musicschool-six-strings.de\/index.php?rest_route=\/wp\/v2\/pages\/827","targetHints":{"allow":["GET"]}}],"collection":[{"href":"https:\/\/musicschool-six-strings.de\/index.php?rest_route=\/wp\/v2\/pages"}],"about":[{"href":"https:\/\/musicschool-six-strings.de\/index.php?rest_route=\/wp\/v2\/types\/page"}],"author":[{"embeddable":true,"href":"https:\/\/musicschool-six-strings.de\/index.php?rest_route=\/wp\/v2\/users\/1"}],"replies":[{"embeddable":true,"href":"https:\/\/musicschool-six-strings.de\/index.php?rest_route=%2Fwp%2Fv2%2Fcomments&post=827"}],"version-history":[{"count":56,"href":"https:\/\/musicschool-six-strings.de\/index.php?rest_route=\/wp\/v2\/pages\/827\/revisions"}],"predecessor-version":[{"id":1487,"href":"https:\/\/musicschool-six-strings.de\/index.php?rest_route=\/wp\/v2\/pages\/827\/revisions\/1487"}],"wp:attachment":[{"href":"https:\/\/musicschool-six-strings.de\/index.php?rest_route=%2Fwp%2Fv2%2Fmedia&parent=827"}],"curies":[{"name":"wp","href":"https:\/\/api.w.org\/{rel}","templated":true}]}}