{"id":832,"date":"2015-11-20T18:19:40","date_gmt":"2015-11-20T18:19:40","guid":{"rendered":"http:\/\/localhost:8000\/?page_id=832"},"modified":"2026-03-30T11:03:25","modified_gmt":"2026-03-30T11:03:25","slug":"gutschein","status":"publish","type":"page","link":"https:\/\/musicschool-six-strings.de\/?page_id=832","title":{"rendered":"Gutschein"},"content":{"rendered":"<strong><span style=\"text-decoration: underline; color: #ff0000;\">GESCHENKGUTSCHEINE:<\/span><\/strong>\n\n<span style=\"text-decoration: underline;\"><span style=\"color: #ff00ff;\"><em><strong><a href=\"https:\/\/musicschool-six-strings.de\/wp-content\/uploads\/2026\/03\/ChatGPT-Image-30.-Maerz-2026-12_06_53.png\"><img loading=\"lazy\" decoding=\"async\" class=\"size-medium wp-image-1516 aligncenter\" src=\"https:\/\/musicschool-six-strings.de\/wp-content\/uploads\/2026\/03\/ChatGPT-Image-30.-Maerz-2026-12_06_53-200x300.png\" alt=\"\" width=\"200\" height=\"300\" srcset=\"https:\/\/musicschool-six-strings.de\/wp-content\/uploads\/2026\/03\/ChatGPT-Image-30.-Maerz-2026-12_06_53-200x300.png 200w, https:\/\/musicschool-six-strings.de\/wp-content\/uploads\/2026\/03\/ChatGPT-Image-30.-Maerz-2026-12_06_53-683x1024.png 683w, https:\/\/musicschool-six-strings.de\/wp-content\/uploads\/2026\/03\/ChatGPT-Image-30.-Maerz-2026-12_06_53-768x1152.png 768w, https:\/\/musicschool-six-strings.de\/wp-content\/uploads\/2026\/03\/ChatGPT-Image-30.-Maerz-2026-12_06_53.png 1024w\" sizes=\"auto, (max-width: 200px) 100vw, 200px\" \/><\/a><\/strong><\/em><\/span><\/span>\n\n\nDie \u00a0ultimative Geschenkidee f\u00fcr Weihnachten, Geburtstag oder auch einfach nur so.\n\nGerne k\u00f6nnen Sie bei mir einen Gutschein in beliebiger H\u00f6he bestellen. Schicken Sie mir einfach eine <a href=\"http:\/\/Contact@localhost\">E-Mail<\/a> mit Ihrer Anschrift und H\u00f6he des Gutscheinbetrages zu.\n\n<span style=\"text-decoration: underline;\">Hier die Preise pro Stunde:<\/span>\n\n\n<table id=\"tablepress-2\" class=\"tablepress tablepress-id-2\">\n<thead>\n<tr class=\"row-1\">\n\t<th class=\"column-1\">Dauer<\/th><th class=\"column-2\">Einzelunterricht<\/th><th class=\"column-3\">Zweiergruppe<\/th>\n<\/tr>\n<\/thead>\n<tbody class=\"row-striping row-hover\">\n<tr class=\"row-2\">\n\t<td class=\"column-1\">30 Minuten<\/td><td class=\"column-2\">24\u20ac<\/td><td class=\"column-3\">18 \u20ac<\/td>\n<\/tr>\n<tr class=\"row-3\">\n\t<td class=\"column-1\">45 Minuten<\/td><td class=\"column-2\">30 \u20ac<\/td><td class=\"column-3\">22 \u20ac<\/td>\n<\/tr>\n<tr class=\"row-4\">\n\t<td class=\"column-1\">60 Minuten<\/td><td class=\"column-2\">36 \u20ac<\/td><td class=\"column-3\">26 \u20ac <\/td>\n<\/tr>\n<\/tbody>\n<\/table>\n<!-- #tablepress-2 from cache -->\n\nIch versende den Gutschein dann gerne an Ihre Anschrift oder Sie holen Ihn bei mir pers\u00f6nlich in der Musikschule ab.\n(Der Postversand eines Gutscheines kostet 1,45 \u20ac Porto und dauert i. d. R. 2-3 Werktage. Die PDF-Zustellung erfolgt unmittelbar nach Bezahlung kostenfrei.)\n\nF\u00fcr Fragen stehen ich Ihnen gerne zur Verf\u00fcgung.\n\n<style id=\"wpforms-css-vars-1508\">\n\t\t\t\t#wpforms-1508 {\n\t\t\t\t--wpforms-container-padding: 0px;\n--wpforms-container-border-width: 1px;\n--wpforms-container-border-radius: 3px;\n--wpforms-background-color: rgba(0, 0, 0, 0);\n--wpforms-field-size-input-height: 43px;\n--wpforms-field-size-input-spacing: 15px;\n--wpforms-field-size-font-size: 16px;\n--wpforms-field-size-line-height: 19px;\n--wpforms-field-size-padding-h: 14px;\n--wpforms-field-size-checkbox-size: 16px;\n--wpforms-field-size-sublabel-spacing: 5px;\n--wpforms-field-size-icon-size: 1;\n--wpforms-label-size-font-size: 16px;\n--wpforms-label-size-line-height: 19px;\n--wpforms-label-size-sublabel-font-size: 14px;\n--wpforms-label-size-sublabel-line-height: 17px;\n--wpforms-button-size-font-size: 17px;\n--wpforms-button-size-height: 41px;\n--wpforms-button-size-padding-h: 15px;\n--wpforms-button-size-margin-top: 10px;\n--wpforms-container-shadow-size-box-shadow: none;\n\t\t\t}\n\t\t\t<\/style><div class=\"wpforms-container wpforms-container-full wpforms-render-modern\" id=\"wpforms-1508\"><form id=\"wpforms-form-1508\" class=\"wpforms-validate wpforms-form wpforms-ajax-form\" data-formid=\"1508\" method=\"post\" enctype=\"multipart\/form-data\" action=\"\/index.php?rest_route=%2Fwp%2Fv2%2Fpages%2F832\" data-token=\"99d7204b9cac2d966ee33bfb98849e13\" data-token-time=\"1776790673\"><noscript class=\"wpforms-error-noscript\">Bitte aktivieren Sie JavaScript in Ihrem Browser, um dieses Formular fertigzustellen.<\/noscript><div id=\"wpforms-error-noscript\" style=\"display: none;\">Bitte aktivieren Sie JavaScript in Ihrem Browser, um dieses Formular fertigzustellen.<\/div><div class=\"wpforms-field-container\"><div id=\"wpforms-1508-field_1-container\" class=\"wpforms-field wpforms-field-name\" data-field-id=\"1\"><label class=\"wpforms-field-label wpforms-label-hide\" for=\"wpforms-1508-field_1\" aria-hidden=\"false\">Name <span class=\"wpforms-required-label\" aria-hidden=\"true\">*<\/span><\/label><input type=\"text\" id=\"wpforms-1508-field_1\" class=\"wpforms-field-medium wpforms-field-required\" name=\"wpforms[fields][1]\" placeholder=\"Name\" aria-errormessage=\"wpforms-1508-field_1-error\" required><\/div><div id=\"wpforms-1508-field_2-container\" class=\"wpforms-field wpforms-field-email\" data-field-id=\"2\"><label class=\"wpforms-field-label wpforms-label-hide\" for=\"wpforms-1508-field_2\" aria-hidden=\"false\">E-Mail <span class=\"wpforms-required-label\" aria-hidden=\"true\">*<\/span><\/label><input type=\"email\" id=\"wpforms-1508-field_2\" class=\"wpforms-field-medium wpforms-field-required\" name=\"wpforms[fields][2]\" placeholder=\"E-Mail\" spellcheck=\"false\" aria-errormessage=\"wpforms-1508-field_2-error\" required><\/div>\t\t<div id=\"wpforms-1508-field_4-container\"\n\t\t\tclass=\"wpforms-field wpforms-field-text\"\n\t\t\tdata-field-type=\"text\"\n\t\t\tdata-field-id=\"4\"\n\t\t\t>\n\t\t\t<label class=\"wpforms-field-label\" for=\"wpforms-1508-field_4\" >Textabsatz E-Mail Name<\/label>\n\t\t\t<input type=\"text\" id=\"wpforms-1508-field_4\" class=\"wpforms-field-medium\" name=\"wpforms[fields][4]\" >\n\t\t<\/div>\n\t\t<div id=\"wpforms-1508-field_3-container\" class=\"wpforms-field wpforms-field-textarea\" data-field-id=\"3\"><label class=\"wpforms-field-label wpforms-label-hide\" for=\"wpforms-1508-field_3\" aria-hidden=\"false\">Textabsatz<\/label><textarea id=\"wpforms-1508-field_3\" class=\"wpforms-field-medium\" name=\"wpforms[fields][3]\" placeholder=\"Nachricht\" aria-errormessage=\"wpforms-1508-field_3-error\" ><\/textarea><\/div><script>\n\t\t\t\t( function() {\n\t\t\t\t\tconst style = document.createElement( 'style' );\n\t\t\t\t\tstyle.appendChild( document.createTextNode( '#wpforms-1508-field_4-container { position: absolute !important; overflow: hidden !important; display: inline !important; height: 1px !important; width: 1px !important; z-index: -1000 !important; padding: 0 !important; } #wpforms-1508-field_4-container input { visibility: hidden; } #wpforms-conversational-form-page #wpforms-1508-field_4-container label { counter-increment: none; }' ) );\n\t\t\t\t\tdocument.head.appendChild( style );\n\t\t\t\t\tdocument.currentScript?.remove();\n\t\t\t\t} )();\n\t\t\t<\/script><\/div><!-- .wpforms-field-container --><div class=\"wpforms-submit-container\" ><input type=\"hidden\" name=\"wpforms[id]\" value=\"1508\"><input type=\"hidden\" name=\"page_title\" value=\"\"><input type=\"hidden\" name=\"page_url\" value=\"https:\/\/musicschool-six-strings.de\/index.php?rest_route=\/wp\/v2\/pages\/832\"><input type=\"hidden\" name=\"url_referer\" value=\"\"><button type=\"submit\" name=\"wpforms[submit]\" id=\"wpforms-submit-1508\" class=\"wpforms-submit\" data-alt-text=\"Senden\u2026\" data-submit-text=\"Absenden\" aria-live=\"assertive\" value=\"wpforms-submit\">Absenden<\/button><img loading=\"lazy\" decoding=\"async\" src=\"https:\/\/musicschool-six-strings.de\/wp-content\/plugins\/wpforms-lite\/assets\/images\/submit-spin.svg\" class=\"wpforms-submit-spinner\" style=\"display: none;\" width=\"26\" height=\"26\" alt=\"Wird geladen\"><\/div><\/form><\/div>  <!-- .wpforms-container -->","protected":false},"excerpt":{"rendered":"<p>GESCHENKGUTSCHEINE: Die \u00a0ultimative Geschenkidee f\u00fcr Weihnachten, Geburtstag oder auch einfach nur so. Gerne k\u00f6nnen Sie bei mir einen Gutschein in beliebiger H\u00f6he bestellen. Schicken Sie mir einfach eine E-Mail mit Ihrer Anschrift und H\u00f6he des Gutscheinbetrages zu. Hier die Preise pro Stunde: Ich versende den Gutschein dann gerne an Ihre Anschrift oder Sie holen Ihn [&hellip;]<\/p>\n","protected":false},"author":1,"featured_media":0,"parent":0,"menu_order":0,"comment_status":"closed","ping_status":"closed","template":"","meta":{"_exactmetrics_skip_tracking":false,"_exactmetrics_sitenote_active":false,"_exactmetrics_sitenote_note":"","_exactmetrics_sitenote_category":0,"footnotes":""},"class_list":["post-832","page","type-page","status-publish","hentry"],"_links":{"self":[{"href":"https:\/\/musicschool-six-strings.de\/index.php?rest_route=\/wp\/v2\/pages\/832","targetHints":{"allow":["GET"]}}],"collection":[{"href":"https:\/\/musicschool-six-strings.de\/index.php?rest_route=\/wp\/v2\/pages"}],"about":[{"href":"https:\/\/musicschool-six-strings.de\/index.php?rest_route=\/wp\/v2\/types\/page"}],"author":[{"embeddable":true,"href":"https:\/\/musicschool-six-strings.de\/index.php?rest_route=\/wp\/v2\/users\/1"}],"replies":[{"embeddable":true,"href":"https:\/\/musicschool-six-strings.de\/index.php?rest_route=%2Fwp%2Fv2%2Fcomments&post=832"}],"version-history":[{"count":61,"href":"https:\/\/musicschool-six-strings.de\/index.php?rest_route=\/wp\/v2\/pages\/832\/revisions"}],"predecessor-version":[{"id":1535,"href":"https:\/\/musicschool-six-strings.de\/index.php?rest_route=\/wp\/v2\/pages\/832\/revisions\/1535"}],"wp:attachment":[{"href":"https:\/\/musicschool-six-strings.de\/index.php?rest_route=%2Fwp%2Fv2%2Fmedia&parent=832"}],"curies":[{"name":"wp","href":"https:\/\/api.w.org\/{rel}","templated":true}]}}